t of k?
3
Suppose 3*r = 5*b - 18, 5*r = -1 - 4. Suppose -v = 2*v - 12, 5*w = -b*v + 132. What is the tens digit of w?
2
Let p = 39 - 30. What is the units digit of p?
9
Let u = -17 - -31. What is the tens digit of u?
1
Suppose 0 = -4*r + r + 15. What is the units digit of r?
5
Suppose -80 = -4*j - 3*u, -3*u = -3*j - 40 + 121. Suppose 4*q + 10*b = 5*b - j, 2*q - b = -15. What is the units digit of ((-16)/(-6))/(q/(-42))?
6
Suppose 4*k - 2*t - 5 = 3*t, 3*k + 4*t - 27 = 0. Suppose -11 = -k*a + 59. Let j = 23 - a. What is the units digit of j?
9
Let v be 3 + (3 - (3 - -1)). Suppose 2*l = 4*b + 4, v*b + 18 - 6 = -4*l. What is the tens digit of (-35)/l + 4/(-8)?
1
Suppose -3*n = 5*y - n, -3*y - 3*n = 0. Suppose 2*z + y*z = 4*i - 52, 0 = -5*z + i - 94. What is the units digit of z/15*5/(-2)?
3
Let v(k) = -k**2 + 9*k - 4. Let h = -11 + 18. What is the tens digit of v(h)?
1
Let a = -2 + -3. Let u = a - -3. What is the units digit of ((-1)/u + -1)*-10?
5
Let u be (-6)/9*3*1. What is the units digit of 5/15 + u/(-3)?
1
Let h(i) = i - 2. What is the units digit of h(3)?
1
Suppose -f + 10 = -3*r, -2*f - 12 = 2*r - 0*r. Let n = 9 + f. Let i(j) = j**3 - 6*j**2 - 7*j + 3. What is the units digit of i(n)?
3
Let o(r) = -r**2 - 7*r + 2. Let h be o(-7). What is the units digit of 6/(-2*h/(-12))?
8
Suppose 1 = d - i, -i + 1 = -2*d + 5. Suppose 3*g - g + 117 = 5*v, -87 = -d*v - 3*g. What is the units digit of v?
5
Let b(h) = 3*h**2 + 9*h - 3. What is the units digit of b(-4)?
9
Let q be 9/(1 - 4) - -5. What is the tens digit of q/(-10) + (-808)/(-40)?
2
Let w(r) = -4*r**2 - 2*r - 1 + 3*r**2 + 8 - 5*r. Let l be w(-5). Let c = l - 8. What is the units digit of c?
9
Let t(p) = -p**3 - p**2 + 4*p + 4. Let g be t(-3). Let b = 4 + g. What is the units digit of b?
4
Suppose 3*g - 4*r = 14 + 2, 5*g - r - 4 = 0. Suppose g = -2*f - 8, -5*c + 5*f - 4*f + 14 = 0. Suppose 0*h = -c*h + 18. What is the units digit of h?
9
Let z(j) = -2*j**2 + 5*j + 2. Let p(m) = -m. Let g(v) = -4*p(v) - z(v). What is the units digit of g(-3)?
9
Let y = 27 - 16. What is the tens digit of y?
1
Suppose -31 = -4*d - o, 5*d - 57 = -5*o - 7. Let w be 2/(-10) - (-1)/5. Let q = w + d. What is the units digit of q?
7
Let u = -39 - -48. What is the units digit of u?
9
Suppose 0*a + p = -2*a, -3*a + 2*p = 0. Let x be (-2 - a)*(-14)/4. Suppose 0 = -5*j + x + 28. What is the units digit of j?
7
Suppose -3*s + 5*n = -14, 4*s - 4*n = -3*n + 13. Suppose -s*l + 0 = -3. What is the units digit of (6 - 3/3)*l?
5
Suppose 0 = -5*i - 0*i + 4*p + 1180, -220 = -i + 4*p. What is the hundreds digit of i?
2
Suppose -4*b - b = -15. Let j = 2 - 2. Suppose -b*w + 25 - 4 = j. What is the units digit of w?
7
Let q(f) = -f**2 + 14*f + 2. Let d be q(12). Suppose 0 = -4*t - 3*w + 78, -4*w + 0*w + d = t. What is the tens digit of t?
1
Let g = 15 - 26. Let a(s) = -s**3 - 12*s**2 - 16*s - 14. What is the tens digit of a(g)?
4
Let d(k) be the first derivative of 4*k**2 + 2. Let z = 1 - 0. What is the units digit of d(z)?
8
Let u(t) = t**3 + 4*t**2 - 2*t + 2. What is the tens digit of u(-4)?
1
Let d(l) = 9*l**2 - 3*l - 2. Let s be d(-1). Let g(x) = -x**2 + 13*x + 1. What is the tens digit of g(s)?
3
Let r(q) = 3*q**3 - q**2 + 1. What is the tens digit of r(2)?
2
Let v = -5 + 18. Let h = 25 - v. What is the tens digit of h?
1
Suppose -l - l = 0. Suppose -2*d + l*d = -26. What is the units digit of d?
3
Let h = 1 - -2. Suppose -h = v - 23. What is the units digit of v?
0
Suppose -w + 49 = -16. What is the tens digit of w?
6
What is the tens digit of (5 - 31/5)/(2/(-35))?
2
Suppose 2*r + 3*r + 35 = 0. Let g(f) = -f - 1. What is the units digit of g(r)?
6
Let j(h) be the first derivative of h**2/2 + 11*h - 3. What is the units digit of j(0)?
1
Suppose -2*a + 3*q = -a - 90, a + 3*q - 114 = 0. What is the hundreds digit of a?
1
Suppose -5*o = 5 - 0. What is the tens digit of (o - -3) + 3*3?
1
Let f(d) = d + 1. Let m(v) = 2*v**2 - 2*v - 1. Let w be m(3). What is the tens digit of f(w)?
1
Let j = -12 - -3. Let c = j - -5. What is the units digit of 12/15*(-10)/c?
2
Suppose -11*h + 1129 = -114. What is the hundreds digit of h?
1
Let f be 0*((-6)/(-4) - 2). Let c(z) = 3*z**2 + 10. What is the tens digit of c(f)?
1
What is the units digit of (0 - -2) + -1 + 1090/5?
9
Let z(a) = a - 3. Let w be z(2). Let r(k) = 6*k**2 + 2*k + 1. Let o be r(w). Suppose 3*q + 32 = o*u - u, -3*q = 12. What is the units digit of u?
5
Let t(n) = -n**3 + 3*n**2 + 4*n - 6. Let v be t(4). Let j(z) = 3 + 0 + 1 - 8*z - z**2 - 2. What is the tens digit of j(v)?
1
Let b = 47 - 29. Suppose 3*t - 16 = -2*t - 3*g, 3*t - g = b. What is the units digit of t?
5
Suppose 0 = -2*a - a. Suppose a*b = 3*b - 4*v - 11, -5*v = 4*b - 25. Suppose d + k = -k + 20, 0 = 3*d - 5*k - b. What is the units digit of d?
0
Suppose -98 = -32*r + 30*r. What is the tens digit of r?
4
Suppose 8 = 3*c - 4. Suppose -21 + 9 = -c*z. Suppose -k + 0*w + 4*w + z = 0, 4 = 4*w. What is the units digit of k?
7
Suppose -4*u - 2*r + 230 = 0, 0*u - r - 221 = -4*u. What is the tens digit of u?
5
Let f(d) = d**3 - d**2 + d - 1. Let w be f(0). Let v(m) = 3*m**2 + m. Let t be v(w). Suppose 0 = 2*l + t*l - 20. What is the units digit of l?
5
Suppose 0 = x - 0 - 2. Suppose 6*c = x*c + 60. What is the units digit of c?
5
Let s(f) = f**3 - 8*f**2 + f + 13. Let o be s(8). Suppose 0 = 2*n - h - o, -3*h + 11 = -4*n + 48. What is the tens digit of n?
1
Let p(x) = -30*x**3 + 1. Let y = -9 + 8. What is the tens digit of p(y)?
3
Let l(n) = -n**3 - 8*n**2 - 7*n + 2. Let u be l(-7). Suppose y = u*y - 2. Suppose 0 = y*p - 3 + 1. What is the units digit of p?
1
Let k = 7 + -10. What is the tens digit of 0 + (-6)/k + 23?
2
What is the units digit of (-1)/(-2)*(39 - -7)?
3
Suppose 0*l = 4*l. Suppose l*t + 3*z - 22 = -5*t, 14 = 3*t + 2*z. Suppose -3*u + t*f + 19 = 0, -3*f - 23 = -3*u - 2*f. What is the units digit of u?
9
Suppose 0 = -4*u + 107 - 31. What is the tens digit of u?
1
Suppose -19 = -2*v - j + 2, 0 = -4*j + 12. Let l be ((-20)/(-6))/(1/v). Suppose -13 + 1 = -2*u + 4*s, 4*u = 2*s + l. What is the units digit of u?
8
Suppose 18 = -u + 28. What is the units digit of u?
0
Let w(x) = x**2 + 7*x + 7. What is the tens digit of w(-8)?
1
Suppose -184 = -27*y + 26*y. What is the hundreds digit of y?
1
Suppose 1565 - 237 = 8*s. What is the hundreds digit of s?
1
Let w be (-5076)/(-20) + 4/20. Suppose -55 = 4*k - x - w, -x = 4*k - 209. What is the tens digit of k?
5
Let y(c) = 2*c**3 - c**2 + 2*c - 1. Let o be y(1). What is the units digit of -2*o/(-4) - -12?
3
Let h = 3 + -9. What is the tens digit of (3/2)/(h/(-56))?
1
Let v(l) = 0*l + 4*l**2 - 3*l - 3*l + 5*l. Let c be v(-1). Suppose c*b - 4 = 6. What is the units digit of b?
2
Let b(i) = -6*i**2 - 4*i - 3. Let x be b(-4). Let u be x/(-9) + (-4)/18. What is the units digit of ((-6)/(-2))/(u/24)?
8
Suppose -636 = 9*d - 1923. What is the tens digit of d?
4
Suppose 0*o + o - 2 = 0. Suppose 4*k - 4*c = k - 13, -2*k + o*c - 6 = 0. What is the units digit of k?
1
Let v(o) = -8*o - 7. Let s(i) = 9*i + 8. Let q(b) = -6*s(b) - 7*v(b). What is the units digit of q(4)?
9
Suppose g = 4*i - 0*i + 44, 4*i = -3*g + 116. What is the units digit of g?
0
Let q be 1/(-1 + (-14)/(-12)). Let m = q - 6. Suppose 5*s + 2*a - 1 = 0, m = -3*s + a + 3*a + 11. What is the units digit of s?
1
Let t(a) = a - 9. Let z(o) = 3*o + 22. Let x(j) = -2*j - 23. Let f(y) = -6*x(y) - 5*z(y). Let k(s) = -2*f(s) - 7*t(s). What is the units digit of k(-8)?
5
Let o(x) = -x**2 - 7*x - 2. Suppose -4*r + 2*r - 12 = 0. What is the units digit of o(r)?
4
Let u = 13 - 4. What is the units digit of u?
9
Let j = 25 + -14. Suppose 0 = -5*x + j + 14. What is the units digit of x?
5
Let h be (-102)/(-5)*(-20)/(-8). Let j = 85 - h. What is the tens digit of j?
3
What is the units digit of 83 + ((-12)/8*2 - 0)?
0
Suppose 4*b = 4*a + 732, 4*b = a - 0*a + 726. What is the tens digit of b?
8
Let k(u) = u**3 - 6*u**2 + u - 7. Let l be 5*(48/15 - 2). Let p be k(l). What is the tens digit of ((-33)/(-6))/(p/(-2))?
1
Let x(g) = g. Let n be x(6). What is the tens digit of (-3)/n - (-215)/10?
2
Suppose -3*o = -6 + 15. Let z = 15 + o. What is the tens digit of z?
1
Let n = 6 - 14. What is the units digit of (-122)/n + (-15)/(-20)?
6
Suppose d + x 